ime?
False
Let j = 956 - 50. Suppose -3*b = -3*a + 1335, 2*b = -a - a + j. Is a a composite number?
False
Suppose 0 = 5*o - 3*j - 2*j - 220, 216 = 4*o + 4*j. Let m = 55 - o. Suppose 4*i + m*a = a + 708, -177 = -i - 4*a. Is i a prime number?
False
Suppose -342*m - 18821479 = -389*m. Is m a composite number?
False
Let a = 106 - -486. Suppose 0 = -9*p - a + 12895. Is p a composite number?
False
Let p be 40*((-32153)/20 - 10/(-8)). Is ((-98)/21)/(-14)*(1 - p) prime?
True
Is 43202 + 5 + 7 + 9 composite?
False
Let r be (560 - 2)*(-10)/12*-3. Let o = 3382 - r. Is o composite?
False
Let h = -142 - -140. Is (h - -52) + ((-20)/(-5) - 1) a prime number?
True
Suppose -534*s + 17080588 = -237259874. Is s composite?
True
Let h be 21/35 + 20/50. Is (9 + (-4 - h))*52527/12 prime?
True
Let w be 58*(4 - (39/2)/(-1)). Suppose 0 = 5*n - 2*s + s - w, 5*n + 4*s - 1348 = 0. Suppose 4443 = -269*x + n*x. Is x composite?
False
Let m = 6 + 0. Let j be 218 + 2/m + 28/(-21). Suppose -b = -j - 94. Is b composite?
False
Suppose -135085 = -n + 3*a + 25639, 2*a = 2*n - 321468. Is n a composite number?
False
Let z = -47708 - -125245. Is z composite?
True
Suppose -2*t - 2 = -4*t - 4*a, -t = -2*a - 5. Let p(g) = g**2 - g - 3. Let h be p(t). Suppose 4*x = h*x + 887. Is x composite?
False
Let h(f) = -324*f**3 + 2*f**2 - 5*f + 5. Let o be h(-9). Suppose o = 10*j + 63018. Is j a composite number?
True
Suppose -5*k + 456420 = -5*b, 1058*b - 1063*b = 5. Is k a composite number?
False
Let m(d) be the first derivative of d**3/3 - 4*d**2 + 3*d + 33. Let k be m(8). Suppose -4*j - 3214 - 2211 = -h, k*j - 9 = 0. Is h prime?
True
Let a be -12*1/(-3) + 18 + -2. Suppose a*n + p + 111713 = 25*n, 2*n - 3*p = 44680. Is n a prime number?
True
Let c(x) = -x + 14. Let t(j) = -3*j + 57. Let y(r) = 15*c(r) - 4*t(r). Let w be y(-7). Suppose -3*m - w*q + 78 = 0, -4*m = -q - q - 86. Is m composite?
False
Let a = -796 - -181. Let c = 1568 - a. Is c prime?
False
Suppose -3853772 = -10502*l + 10478*l + 2001820. Is l a prime number?
False
Suppose 0 = 4*x - 151*x + 11247473 + 11053750. Is x composite?
True
Suppose -10*t + 25971 - 75781 = 0. Let w = -2355 - t. Let m = -1425 + w. Is m composite?
False
Suppose 0 = 7*g - 12 - 2. Suppose -5*f = -g*d - 20, -7*d + 5*f = -3*d + 30. Is 5094/45 - (-1)/d a composite number?
False
Let c be 9 + 77/28 - 6/8. Is ((-129878)/((-77)/c))/(2 - 0) a composite number?
False
Suppose 0 = 4*t + 5*p - 418072, 4*t - 3007*p = -3005*p + 418072. Is t a prime number?
False
Let r be (12 - 13)/((2 - 3)/(-1047)). Let q = r - -1834. Suppose -5*w - 1880 = -5*f, -13*w - q = -2*f - 18*w. Is f composite?
True
Suppose 5*o + y - 4106 = 0, 2*o - 1628 = 2*y - 6*y. Let x = -55 + o. Is x prime?
False
Let i be 15 + 2 + -1 + -3. Let v be (-93301)/(-26) - 3/6. Suppose r = i*r - v. Is r a prime number?
False
Suppose 24731 = 12*i - 38785. Is i prime?
False
Suppose 3*p + 5*h = -0*h + 269289, 4*h + 24 = 0. Is p a prime number?
False
Let v(w) = -317*w + 15. Let k be v(-17). Suppose 2*h - 5408 = -b + 4*b, -2*h + 5*b = -k. Is h a composite number?
False
Suppose 0*i + a - 868223 = -4*i, 4*a = -20. Is i composite?
False
Let l be (49/(-5) - 5/25)*5. Is (93966/30)/((-10)/l) a composite number?
False
Let u(d) = d**3 + d**2 - 16*d + 421757. Is u(0) a prime number?
False
Let m(r) = 8308*r - 145. Is m(12) a composite number?
False
Let g(p) = -7*p - 63. Let k be g(-7). Is 7/k - 6094/(-4) a composite number?
False
Suppose -4*b - 2*j + 2701 = -2865, -5*b + 5*j = -6950. Suppose -4*f + 1116 = -0*f + 4*o, -b = -5*f - 3*o. Suppose v - f = 177. Is v prime?
False
Let s(z) = -17*z - 51. Let j be s(-3). Is 4465 - (-4 - j - -8) prime?
False
Let i = -35 + 51. Let c(a) = -23949*a**3 + 23948*a**3 + 11 + 6*a**2 - 74*a + 94*a + 13*a**2. Is c(i) composite?
True
Let z(k) = -474*k**3 + 2*k + 1. Let n be z(2). Suppose 0 = 7*g + 1895 + 11307. Let t = g - n. Is t prime?
True
Let x be -5*(4/(-14) - 72544/112). Let o = 1321 + x. Is o composite?
False
Is (-15)/(-25) - (468738/60)/((-3)/124) a composite number?
True
Suppose 14 = -3*k - 2*t, -3*t + 9 = k + 2. Let x(r) = -93*r + 18. Let q be x(k). Suppose 0 = 5*m + m - q. Is m a prime number?
True
Let o = 147 + -143. Suppose l + 2 = 0, o*g - 2340 = 5*l - 526. Is g a composite number?
True
Let p be 2 + 379*(3 - 2). Let j = -223 + p. Is j a composite number?
True
Let m be (-32)/(-4) - (-16 + 13450). Let h = m - -23037. Is h prime?
False
Let m(r) = -2*r - 15. Suppose p = -3*g - 56, p + 15 + 21 = -2*g. Let z be (g - -2) + 2 + 18/(-9). Is m(z) composite?
True
Suppose 2*b = g - 520 - 208, -4*g = -5*b - 2909. Let q = -385 + 566. Suppose -h + q = -g. Is h prime?
True
Is (-73938)/8*(-72)/27 composite?
True
Suppose -20 = -31*q + 35*q. Let h(o) = o**3 + 11*o**2 - 7. Is h(q) composite?
True
Suppose -14565 = -3*a - 2*a - 2*z, 2*a - 2*z = 5826. Suppose -2*l - l = -2*b + 1169, 0 = 5*b + 2*l - a. Is b prime?
False
Let n(c) = c**3 + 20*c**2 - c - 17. Suppose -80 = 5*i - i. Let j be n(i). Let w(d) = 3*d - 5. Is w(j) prime?
False
Let f(y) = -14*y - 5. Let a be ((-12)/(-14))/((-11)/(-693)) + 1. Let h = -67 + a. Is f(h) composite?
False
Suppose -6*k = 3*k - 72. Let x be 1 + (-14)/k + 22/8. Suppose -g = -4*j - 6*g + 653, 0 = -3*j - x*g + 481. Is j a composite number?
False
Suppose a - 187639 = 3*x, x - 593056 - 345203 = -5*a. Is a a composite number?
False
Suppose -24*k + 36 = -15*k. Suppose -12*i + 84584 = -k*i. Is i prime?
False
Let d(l) = 103*l**3 + 8*l**2 - 14*l + 13. Let s be d(6). Suppose -5*q = 4*j - s, 5*j + 17972 = 4*q + 3*j. Is q prime?
True
Let w(d) = -3*d + 26. Let q be (-8*1/5)/((-4)/20). Let c be w(q). Suppose -o - 2061 = -c*o + 5*r, 8206 = 4*o - r. Is o a composite number?
True
Let d(l) = 38149*l - 36. Is d(1) a prime number?
True
Let i = 84 + -81. Suppose 0 = -9*p - 0*p + 144. Is p/28 + i*(-5505)/(-21) a composite number?
False
Let k = 1070 - -1112. Is k composite?
True
Let l = 341 - 341. Suppose 3*u - 9 = 0, l = -4*g + 8*u - 7*u + 31609. Is g prime?
False
Suppose 142*g = -2262352 + 7283898. Is g a composite number?
False
Let v = -63 - -96. Let g = -28 + v. Suppose 0 = 5*a - 2*w - 4653, 0*w - g*w = a - 909. Is a composite?
False
Let s be 3 + -15*(-2 + -106). Suppose -4*v - 24 = -2*x, -x + v + 6 = -6. Is 8/x*s + -3 a prime number?
False
Let f be (2/11)/((-32)/(-352)). Is (f - (-35)/(-30))*(1756 + 2) a prime number?
False
Suppose 29*d - 582513 - 464300 = 0. Is d prime?
True
Is -349 + 4802 - 6*3 a prime number?
False
Is (-4 - 615176/(-2)) + 0 + -7 composite?
False
Let b = 3310 - 10391. Let v = b + 10428. Is v prime?
True
Let b(i) be the third derivative of -11*i**4/8 - 20*i**3/3 - 67*i**2. Is b(-7) prime?
True
Let k(j) = 387*j**2 - 7*j + 33. Let t be (1/(-2))/((-1)/4) + 2. Is k(t) a prime number?
True
Suppose 0 = 53*k - 42*k - 8217. Let j = -268 + k. Is j a prime number?
True
Is 7368 - ((-2 + -1)*16/48)/1 prime?
True
Suppose 5*t + t + 282 = 0. Let l = 54 + t. Suppose l*o + 423 - 5456 = 0. Is o prime?
True
Let l(z) = -14*z - 114. Let a be l(-9). Is (82371/a*-2)/((-2)/4) composite?
False
Let f(z) = 3*z**3 - 25*z**2 - 38*z - 11. Let n = -182 - -202. Is f(n) a composite number?
False
Let v(s) = -21*s - 19. Let a be v(-15). Suppose 5*l = 15, 5*l + 39 + a = 5*q. Let i = q + 163. Is i prime?
True
Suppose x + 11 = 2*j, 3*x + 0*j - j = -13. Is -3 + (-4 - 9/x - -1547) prime?
True
Let q(c) = 24*c**2 - 234*c - 337. Is q(82) composite?
False
Let g(b) = 471*b**3 - 13*b**2 + 42*b - 29. Is g(9) a prime number?
False
Suppose -192*s = -5*j - 188*s + 2189029, 3*j - 1313443 = -4*s. Is j a composite number?
False
Suppose -j - 5*b + 69779 = 0, 5*j - 326570 - 22505 = 5*b. Is j prime?
True
Let t(w) = 106*w**2 - 244*w + 751. Is t(-41) a composite number?
False
Let k(g) = 4*g**2 - 38*g + 1. Let i be k(11). Let h = i + -55. Suppose 0 = 11*w - h*w + 447. Is w composite?
True
Let r(o) = 13*o - 102. Let a be r(8). Is (-5 - -4)/(a/(-34514)) a prime number?
True
Is 153/408*(-430552)/(-3) composite?
False
Let v(f) = -1802*f - 105. Is v(-38) composite?
False
Let k = 749 + -662. Suppose -k*d + 32*d = -378455. Is d prime?
False
Let a = -50517 - -36033. Let p = 21827 + a. Is p prime?
False
Let u(k) = 5*k**2 - 46*k + 276. Let r be u(7). Suppose 4*f + 5*j = 81, -63 = -3*f - j - 2*j. Let h = f + r. Is h prime?
True
Let n = 6170 - -10131. Is n